139832.
2, 7, 11, 227
What are the prime factors of 204476?
2, 17, 31, 97
What are the prime factors of 927657?
3, 59, 1747
What are the prime factors of 37078?
2, 18539
What are the prime factors of 558243?
3, 7, 8861
List the prime factors of 1720191.
3, 11, 52127
List the prime factors of 668788.
2, 167197
What are the prime factors of 979745?
5, 13, 15073
What are the prime factors of 576669?
3, 19, 67, 151
List the prime factors of 36360.
2, 3, 5, 101
List the prime factors of 27191.
27191
List the prime factors of 9853324.
2, 13, 19, 9973
What are the prime factors of 380172?
2, 3, 13, 2437
List the prime factors of 2504912.
2, 47, 3331
What are the prime factors of 202852?
2, 13, 47, 83
What are the prime factors of 769163?
179, 4297
What are the prime factors of 574082?
2, 41, 7001
What are the prime factors of 387861?
3, 129287
What are the prime factors of 111562?
2, 11, 461
List the prime factors of 33162943.
11, 3014813
List the prime factors of 11972072.
2, 7, 4363
List the prime factors of 10281553.
31, 331663
List the prime factors of 42306.
2, 3, 11, 641
What are the prime factors of 10854282?
2, 3, 19, 95213
List the prime factors of 3636409.
7, 519487
What are the prime factors of 2188991?
7, 179, 1747
List the prime factors of 244388.
2, 107, 571
What are the prime factors of 418590?
2, 3, 5, 4651
What are the prime factors of 2729330?
2, 5, 272933
List the prime factors of 294800.
2, 5, 11, 67
What are the prime factors of 458034?
2, 3, 97, 787
List the prime factors of 490193.
11, 44563
List the prime factors of 8053478.
2, 17, 236867
List the prime factors of 175500.
2, 3, 5, 13
List the prime factors of 2247086.
2, 73, 15391
What are the prime factors of 748355?
5, 97, 1543
What are the prime factors of 449026?
2, 224513
List the prime factors of 39721.
11, 23, 157
What are the prime factors of 9274423?
89, 104207
List the prime factors of 558445.
5, 67, 1667
What are the prime factors of 1831459?
7, 261637
List the prime factors of 29528.
2, 3691
List the prime factors of 9343251.
3, 17, 79, 773
List the prime factors of 101571.
3, 33857
List the prime factors of 1675818.
2, 3, 157, 593
What are the prime factors of 1253485?
5, 31, 8087
What are the prime factors of 11605335?
3, 5, 7, 110527
List the prime factors of 1617848.
2, 202231
What are the prime factors of 6764?
2, 19, 89
What are the prime factors of 14295047?
13, 1099619
List the prime factors of 303734.
2, 19, 7993
List the prime factors of 12719551.
13, 978427
List the prime factors of 11003797.
7, 167, 9413
List the prime factors of 1887668.
2, 29, 16273
What are the prime factors of 15698133?
3, 11, 158567
List the prime factors of 14131422.
2, 3, 29077
What are the prime factors of 330276?
2, 3, 17, 1619
What are the prime factors of 260907?
3, 86969
What are the prime factors of 5481426?
2, 3, 913571
List the prime factors of 1665480.
2, 3, 5, 13879
What are the prime factors of 98051?
71, 1381
What are the prime factors of 2087476?
2, 521869
List the prime factors of 127418.
2, 63709
What are the prime factors of 5044111?
379, 13309
What are the prime factors of 401058?
2, 3, 7, 1061
What are the prime factors of 829746?
2, 3, 31, 1487
List the prime factors of 6066639.
3, 674071
List the prime factors of 5931375.
3, 5, 15817
List the prime factors of 643345.
5, 128669
List the prime factors of 1289430.
2, 3, 5, 14327
List the prime factors of 63521.
63521
What are the prime factors of 274048?
2, 2141
What are the prime factors of 577745?
5, 7, 17, 971
What are the prime factors of 15002753?
15002753
What are the prime factors of 805849?
11, 73259
List the prime factors of 1146046.
2, 11, 113, 461
List the prime factors of 2161740.
2, 3, 5, 7, 5147
List the prime factors of 668953.
307, 2179
What are the prime factors of 12718812?
2, 3, 89, 11909
What are the prime factors of 1523651?
1523651
List the prime factors of 3200.
2, 5
List the prime factors of 2406703.
13, 185131
What are the prime factors of 635055?
3, 5, 42337
What are the prime factors of 96398?
2, 157, 307
What are the prime factors of 1291833?
3, 143537
What are the prime factors of 1471615?
5, 89, 3307
List the prime factors of 1346197.
433, 3109
List the prime factors of 472815.
3, 5, 7, 19, 79
List the prime factors of 26064619.
7, 211, 2521
What are the prime factors of 3875154?
2, 3, 29, 22271
What are the prime factors of 6008725?
5, 240349
List the prime factors of 291534.
2, 3, 48589
List the prime factors of 2174860.
2, 5, 37, 2939
List the prime factors of 23848788.
2, 3, 29, 68531
List the prime factors of 384400.
2, 5, 31
What are the prime factors of 281769?
3, 93923
What are the prime factors of 209109?
3, 43, 1621
What are the prime factors of 261335?
5, 52267
What are the prime factors of 703696?
2, 7, 61, 103
List the prime factors of 25031005.
5, 1693, 2957
What are the prime factors of 405727?
7, 149, 389
List the prime factors of 1031705.
5, 206341
List the prime factors of 917127.
3, 181, 563
What are the prime factors of 8644093?
2179, 3967
What are the prime factors of 292692?
2, 3, 24391
What are the prime factors of 3736482?
2, 3, 37, 16831
What are the prime factors of 6342657?
3, 857, 2467
List the prime factors of 1709204.
2, 7, 61043
What are the prime factors of 35411?
17, 2083
List the prime factors of 108271.
108271
What are the prime factors of 196083?
3, 21787
What are the prime factors of 17459101?
11, 53, 29947
List the prime factors of 86171.
86171
What are the prime factors of 512108?
2, 17, 443
What are the prime factors of 98799?
3, 32933
List the prime factors of 111519.
3, 12391
List the prime factors of 18912702.
2, 3, 3152117
What are the prime factors of 28517?
28517
List the prime factors of 19123.
13, 1471
List the prime factors of 19933703.
19933703
What are the prime factors of 50874?
2, 3, 61, 139
List the prime factors of 11442089.
1249, 9161
List the prime factors of 461230.
2, 5, 7, 11, 599
List the prime factors of 1211101.
433, 2797
What are the prime factors of 5469616?
2, 341851
List the prime factors of 1212416.
2, 37
List the prime factors of 694392.
2, 3, 28933
What are the prime factors of 2713100?
2, 5, 13, 2087
List the prime factors of 18545071.
53, 349907
What are the prime factors of 1945521?
3, 113, 1913
List the prime factors of 468040.
2, 5, 11701
List the prime factors of 145935.
3, 5, 23, 47
What are the prime factors of 15037474?
2, 19, 307, 1289
List the prime factors of 21963923.
113, 194371
What are the prime factors of 4606453?
337, 13669
List the prime factors of 264453.
3, 7, 257
What are the prime factors of 134438?
2, 67219
What are the prime factors of 719628?
2, 3, 7, 13, 659
What are the prime factors of 951036?
2, 3, 41, 1933
List the prime factors of 15042.
2, 3, 23, 109
List the prime factors of 209309.
37, 5657
List the prime factors of 31171900.
2, 5, 23, 13553
What are the prime factors of 2044769?
23, 88903
List the prime factors of 408041.
408041
List the prime factors of 1018567.
11, 29, 31, 103
What are the prime factors of 25241994?
2, 3, 19, 23, 3209
List the prime factors of 184471.
7, 19, 73
What are the prime factors of 2413747?
7, 344821
What are the prime factors of 465742?
2, 232871
What are the prime factors of 5319980?
2, 5, 17, 15647
List the prime factors of 21995.
5, 53, 83
What are the prime factors of 171866?
2, 85933
List the prime factors of 14005188.
2, 3, 563, 691
List the prime factors of 583754.
2, 291877
What are the prime factors of 7005993?
3, 631, 3701
List the prime factors of 3037956.
2, 3, 383, 661
What are the prime factors of 497770?
2, 5, 7, 13, 547
What are the prime factors of 4101945?
3, 5, 61, 4483
List the prime factors of 251537.
11, 13, 1759
List the prime factors of 22288881.
3, 19, 127, 3079
What are the prime factors of 220972?
2, 55243
What are the prime factors of 998503?
11, 43, 2111
List the prime factors of 47367.
3, 19, 277
List the prime factors of 1114558.
2, 47, 71, 167
List the prime factors of 10522427.
10522427
What are the prime factors of 493189?
23, 41, 523
What are the prime factors of 4634988?
2, 3, 386249
List the prime factors of 1328777.
1328777
List the prime factors of 218983.
23, 9521
What are the prime factors of 448561?
44856